3, 7
Suppose -60308 + 284406 = 23*d - 9*d. What are the prime factors of d?
16007
Let r(z) = 4*z + 30. Let k be r(15). What are the prime factors of (-6)/k*6 + 272/5?
2, 3
Suppose 0 = 9*k + 7 - 25. What are the prime factors of -2*455/(k + -7)?
2, 7, 13
Let l(i) = -2*i**3 - 10*i**2 + 4*i - 1. Let q(x) = x**3 + x**2 - 1. Let w(d) = l(d) - 2*q(d). List the prime factors of w(-6).
409
Suppose 3*d - 5*d - 16 = 2*y, 4*y + 68 = 5*d. Let w be (-16)/y*1*3 - 1. Suppose 63 = 4*m - w*m. What are the prime factors of m?
3, 7
Let a(w) = 2*w - 7. Let u be a(5). Let y(v) = 2*v**3 - 2*v**2 - v + 4. Let r be y(u). Let q = r + 94. List the prime factors of q.
131
Suppose 0*n = -3*s - 2*n + 15, 0 = -s - 5*n + 18. Suppose -s*d + 32 = -d - 2*k, 4 = k. What are the prime factors of d*(3 + (-36)/20)?
2, 3
Let b(k) = -848*k + 39. Let g be b(-4). Suppose -16*x + 2457 = -g. What are the prime factors of x?
2, 23
Let p(q) = q - 1. Let s(l) = -31*l + 27 + 4*l + 21 + 3*l. Let r(m) = -p(m) - s(m). List the prime factors of r(9).
2, 5
Suppose 0*c + 5*c = -15. Let z be (78/(-54)*c)/((-2)/(-24)). Suppose -4*w + 128 = -z. List the prime factors of w.
3, 5
What are the prime factors of ((-122)/(-4))/(-24 + (-83963)/(-3498))?
3, 53, 61
Let t = 430 - 430. Suppose t = -8*p + 516 + 1052. List the prime factors of p.
2, 7
Suppose -412*x + 13816583 = -159*x. List the prime factors of x.
97, 563
Let t = 187 - 190. Let s(b) = -4*b**3 + 5*b**2 - 4*b - 13. List the prime factors of s(t).
2, 19
Let z(x) = -x**3 - 4*x**2 + 15*x - 27. Let o be z(-9). Suppose -o*i = -249*i + 2094. What are the prime factors of i?
349
Let z = 3284 + -740. Suppose -14*k + z = -8*k. List the prime factors of k.
2, 53
Suppose m + 594 = 4*s + 34, 4*m - 420 = -3*s. Suppose -20 = t + 80. Let w = t + s. What are the prime factors of w?
2, 5
List the prime factors of 1288023/92 + 6/8.
3, 13, 359
Let o be -2 + (-144)/(-4 + 1). Let r = -42 + o. Suppose 278 = r*i - 3*q - 2*q, 3*q = -2*i + 150. List the prime factors of i.
2, 3
Let v(r) = -339*r - 28. Let d be v(2). Let s = d + 1022. List the prime factors of s.
2, 79
Suppose 0 = 4*b - 1578 + 434. Suppose -3*c + b = -587. What are the prime factors of c?
3, 97
Let l(x) = -3 + 26*x + 20*x - 17 - 30*x + 0. Let b(u) = 8*u**2 - u. Let k be b(-1). What are the prime factors of l(k)?
2, 31
Suppose -7*d = -114340 - 11670 - 101028. List the prime factors of d.
2, 16217
Let g = 27 + -27. Suppose -3*i + o = -14, -4*o + 10 = -i - g*o. Suppose i = -2*f, 4*d - 63 = -d + f. List the prime factors of d.
2, 3
Suppose 0 = -s - 3*t - 67, -3*t + 6*t = 6. Let l = 182 + s. List the prime factors of l.
109
Suppose 26 = d + 5*r, 0 = -5*r + 24 - 9. Suppose -d*z = -12*z + 167. What are the prime factors of z?
167
Let w(z) = -z**2 - 3*z + 6. Let j be w(-3). Let d(u) = 43*u**2 + 21*u + 7. List the prime factors of d(j).
41
Let x = -6167 - -8862. What are the prime factors of x?
5, 7, 11
Let a(j) = -921*j - 4336. What are the prime factors of a(-27)?
7, 419
Let u be (10 - -3)*3/1. Suppose -6*w + w - 4*b + u = 0, -5*b - 20 = 0. Let k = 63 - w. What are the prime factors of k?
2, 13
Let s = 6160 + 83. List the prime factors of s.
3, 2081
Suppose 0 = 21*q - 17*q - 80. Let v(j) = -j**3 + 20*j**2 + 6*j - 20. List the prime factors of v(q).
2, 5
Let f(q) = q**2 - 12*q - 34. Let w be f(14). Let m be 3/(w/(-34))*(17 - 15). Suppose 7*d - m = 6*d. List the prime factors of d.
2, 17
Let g = 3 - 9. Let n be -1 + -2 + g - -3. Let b(x) = -16*x + 17. List the prime factors of b(n).
113
Suppose 0*u = -23*u + 189856 - 51074. What are the prime factors of u?
2, 7, 431
List the prime factors of (-4 - (-16888)/28)/(13/91).
2, 3, 233
Let s(d) be the first derivative of 21*d**4/4 + 17*d**3/3 + d**2 + 4*d - 16. What are the prime factors of s(3)?
2, 5, 73
Suppose -71*a + 1544454 = 3*a. List the prime factors of a.
3, 773
Let c(l) = -4732*l + 5267. List the prime factors of c(-9).
5, 17, 563
Let f be (-12)/9*(-4 - (-2)/2). Suppose -f*w = 2*h - 18, 3*h - 4*w = -2*h + 45. Let k(m) = 3*m**2 - 15*m + 4. List the prime factors of k(h).
2, 7
Let p = 22831 - 14900. List the prime factors of p.
7, 11, 103
Let z = -51 + 56. Suppose 0 = 2*n - 3*a - 25 + 6, 0 = -5*n + z*a + 40. Suppose -3*k + n*q = -737, -4*k + 4*q - 972 = -8*k. List the prime factors of k.
2, 61
Let z(v) = 186*v**3 + 4*v**2 + 28*v - 94. List the prime factors of z(5).
2, 5849
Let k(q) = 22*q**2 + 19*q + 6. Let d be k(12). Suppose d = -24*u + 38*u. What are the prime factors of u?
3
Let j = -18672 + 31695. What are the prime factors of j?
3, 1447
Suppose -2*n - 25*n + 10*n + 312630 = 0. List the prime factors of n.
2, 3, 5, 613
What are the prime factors of (6/(-11))/(-3) - (-1161861)/(-66)*-4?
2, 3, 163
Let j be (4/(-12))/(3/(-9)). Let t(p) = -10*p**2 + p - 1. Let o be t(j). What are the prime factors of -4*205/o + 0?
2, 41
Let s(x) = -239*x**3 - 2*x**2 + 1. Let l be s(-1). Suppose -h + 317 = 4*j, 3*j = 6*j + h - l. Suppose j = -2*k + 415. List the prime factors of k.
2, 3, 7
Let g(o) = 701*o**3 + 9*o**2 - 5*o + 39. What are the prime factors of g(4)?
3, 5003
Suppose 4*b = s + 32, 5*b + 0 = -2*s + 1. Let j = -7 - s. Suppose -5*d = -2*c - 334, -j*d - 3*c + 0*c = -324. List the prime factors of d.
2, 3, 11
Let p = -15020 + 20406. List the prime factors of p.
2, 2693
Let s(z) = -477 + z**2 - 2*z - 3*z**2 + 1706 + 296 + 0*z. List the prime factors of s(0).
5, 61
Let j = 127537 + -71043. What are the prime factors of j?
2, 47, 601
Let w = -475 + 475. Suppose -4*z - z + 5*t + 2860 = w, -z - 3*t = -552. What are the prime factors of z?
3, 7
Suppose 0*f - 5*a = 2*f - 34, -a - 17 = -f. Suppose 3*q + 4*h = 2*q - f, -2*q = h - 1. Suppose -q - 13 = -r. List the prime factors of r.
2
Suppose x = -z - 39, -4*x - z = 98 + 64. Let s = x - -56. Suppose s*d = 16*d - 43. List the prime factors of d.
43
Let y = -6016 - -4195. What are the prime factors of 4*(y/(-6) - -8)?
2, 7, 89
Let i(k) = 2*k**3 - 2*k**2 + k - 1. Let o be i(1). Suppose 8*r - 25 = 3*r. Suppose 8*p - r*p - 387 = o. List the prime factors of p.
3, 43
Suppose 0 = 8*g - 14 - 26. Suppose -797 = -t + g*z, 45*t - 3*z = 46*t - 821. List the prime factors of t.
2, 7, 29
Let f = 3414 + 3502. What are the prime factors of f?
2, 7, 13, 19
Let u(j) = 213*j**2 + 14*j - 155. What are the prime factors of u(7)?
2, 3, 5, 173
Let t = 98 + -100. Let k be (8 + 5 + t)*10. Let s = k - 101. List the prime factors of s.
3
What are the prime factors of (-14608)/(-4) - (-247)/19?
5, 733
Let h = -111 - -195. Let k be 4/14 - (-144)/h. Suppose 3*b = k*f - 10 + 32, -b + 3*f + 19 = 0. What are the prime factors of b?
2
What are the prime factors of (6303579/1308)/((-2)/(-16))?
2, 37, 521
Let h(t) = -100*t + 220. Suppose -4*j + 5*l = 17, -4*j = -3*j + 3*l + 17. What are the prime factors of h(j)?
2, 3, 5, 17
Suppose -2*j = -3*v - 2 + 13, -3*v + j + 10 = 0. What are the prime factors of 8 - -63 - (v - 0)?
2, 17
Let x(a) = -6112*a - 2310. What are the prime factors of x(-8)?
2, 23293
Let o = 10460 - 6961. List the prime factors of o.
3499
Let a(r) = 283*r - 1027. List the prime factors of a(6).
11, 61
Let b(d) = -d**3 + 5*d**2 + 14*d + 17. Let y be b(7). Suppose -y*n + 16*n - 930 = -g, 5*n = 5. List the prime factors of g.
7, 19
Let a be (-3 - (13 + -5)) + -3. Let k = a + -3. Let y = 125 + k. What are the prime factors of y?
2, 3
Let z = -75 - -187. Suppose -3*q - h - h = -z, 0 = 2*h + 8. What are the prime factors of q?
2, 5
Let d(h) = h - 17. Let m be d(13). Let r(v) = 7*v**2 + 6*v - 2*v + 4*v**2 - 7 - 3*v. List the prime factors of r(m).
3, 5, 11
Let o = 15 - 58. Let p(j) = j**3 - 10*j**2 + 9*j + 3. Let a be p(10). Let z = a + o. List the prime factors of z.
2, 5
Suppose -52 = -25*t - 177. Let l(n) = -6*n**3 - 8*n**2 - 4*n + 28. What are the prime factors of l(t)?
2, 13, 23
Let v(n) = -n. Let k(g) be the third derivative of 11*g**4/24 - g**3/3 + 6*g**2. Let d(j) = k(j) + 6*v(j). What are the prime factors of d(1)?
3
Let f = 772 + -550. Suppose f - 612 = -3*x. List the prime factors of x.
2, 5, 13
Suppose -5*a = 4*q - 3874, -q = -3*a + 942 + 1396. List the prime factors of a.
2, 389
What are the prime factors of 2/(-3) - 8*((-619)/12 - -11)?
2, 3
Suppose -5 + 15 = -5*l. What are the prime factors of 92 - (-3)/24*-4*l?
3, 31
Suppose 4*s + 3*x 